[INFO] cloning repository https://github.com/br1code/rust-ownership
[INFO] running `Command { std: "git" "-c" "credential.helper=" "-c" "credential.helper=/workspace/cargo-home/bin/git-credential-null" "clone" "--bare" "https://github.com/br1code/rust-ownership" "/workspace/cache/git-repos/https%3A%2F%2Fgithub.com%2Fbr1code%2Frust-ownership", kill_on_drop: false }`
[INFO] [stderr] Cloning into bare repository '/workspace/cache/git-repos/https%3A%2F%2Fgithub.com%2Fbr1code%2Frust-ownership'...
[INFO] running `Command { std: "git" "rev-parse" "HEAD", kill_on_drop: false }`
[INFO] [stdout] bb687a123c246932157b72d9134b507474d1cc6b
[INFO] checking br1code/rust-ownership against master#af3c6e733a40e671550e0f0f5aeecaa13772ba56 for pr-74989
[INFO] running `Command { std: "git" "clone" "/workspace/cache/git-repos/https%3A%2F%2Fgithub.com%2Fbr1code%2Frust-ownership" "/workspace/builds/worker-10/source", kill_on_drop: false }`
[INFO] [stderr] Cloning into '/workspace/builds/worker-10/source'...
[INFO] [stderr] done.
[INFO] validating manifest of git repo https://github.com/br1code/rust-ownership on toolchain af3c6e733a40e671550e0f0f5aeecaa13772ba56
[INFO] running `Command { std: "/workspace/cargo-home/bin/cargo" "+af3c6e733a40e671550e0f0f5aeecaa13772ba56" "read-manifest" "--manifest-path" "Cargo.toml", kill_on_drop: false }`
[INFO] started tweaking git repo https://github.com/br1code/rust-ownership
[INFO] finished tweaking git repo https://github.com/br1code/rust-ownership
[INFO] tweaked toml for git repo https://github.com/br1code/rust-ownership written to /workspace/builds/worker-10/source/Cargo.toml
[INFO] crate git repo https://github.com/br1code/rust-ownership already has a lockfile, it will not be regenerated
[INFO] running `Command { std: "/workspace/cargo-home/bin/cargo" "+af3c6e733a40e671550e0f0f5aeecaa13772ba56" "fetch" "--locked" "--manifest-path" "Cargo.toml", kill_on_drop: false }`
[INFO] running `Command { std: "docker" "create" "-v" "/var/lib/crater-agent-workspace/builds/worker-10/target:/opt/rustwide/target:rw,Z" "-v" "/var/lib/crater-agent-workspace/builds/worker-10/source:/opt/rustwide/workdir:ro,Z" "-v" "/var/lib/crater-agent-workspace/cargo-home:/opt/rustwide/cargo-home:ro,Z" "-v" "/var/lib/crater-agent-workspace/rustup-home:/opt/rustwide/rustup-home:ro,Z" "-e" "SOURCE_DIR=/opt/rustwide/workdir" "-e" "CARGO_TARGET_DIR=/opt/rustwide/target" "-e" "CARGO_HOME=/opt/rustwide/cargo-home" "-e" "RUSTUP_HOME=/opt/rustwide/rustup-home" "-w" "/opt/rustwide/workdir" "-m" "1610612736" "--user" "0:0" "--network" "none" "rustops/crates-build-env@sha256:d92eaeed33fa75130ca1ee6c8a01d1ffb62bac859dfdfb3450e3e5d1c0146529" "/opt/rustwide/cargo-home/bin/cargo" "+af3c6e733a40e671550e0f0f5aeecaa13772ba56" "metadata" "--no-deps" "--format-version=1", kill_on_drop: false }`
[INFO] [stdout] 0996cd42edec60794ff05e534de9bb1923bfbdfb1ad41936eba9137c61358611
[INFO] [stderr] WARNING: Your kernel does not support swap limit capabilities or the cgroup is not mounted. Memory limited without swap.
[INFO] running `Command { std: "docker" "start" "-a" "0996cd42edec60794ff05e534de9bb1923bfbdfb1ad41936eba9137c61358611", kill_on_drop: false }`
[INFO] running `Command { std: "docker" "inspect" "0996cd42edec60794ff05e534de9bb1923bfbdfb1ad41936eba9137c61358611", kill_on_drop: false }`
[INFO] running `Command { std: "docker" "rm" "-f" "0996cd42edec60794ff05e534de9bb1923bfbdfb1ad41936eba9137c61358611", kill_on_drop: false }`
[INFO] [stdout] 0996cd42edec60794ff05e534de9bb1923bfbdfb1ad41936eba9137c61358611
[INFO] running `Command { std: "docker" "create" "-v" "/var/lib/crater-agent-workspace/builds/worker-10/target:/opt/rustwide/target:rw,Z" "-v" "/var/lib/crater-agent-workspace/builds/worker-10/source:/opt/rustwide/workdir:ro,Z" "-v" "/var/lib/crater-agent-workspace/cargo-home:/opt/rustwide/cargo-home:ro,Z" "-v" "/var/lib/crater-agent-workspace/rustup-home:/opt/rustwide/rustup-home:ro,Z" "-e" "SOURCE_DIR=/opt/rustwide/workdir" "-e" "CARGO_TARGET_DIR=/opt/rustwide/target" "-e" "CARGO_INCREMENTAL=0" "-e" "RUST_BACKTRACE=full" "-e" "RUSTFLAGS=--cap-lints=forbid" "-e" "CARGO_HOME=/opt/rustwide/cargo-home" "-e" "RUSTUP_HOME=/opt/rustwide/rustup-home" "-w" "/opt/rustwide/workdir" "-m" "1610612736" "--user" "0:0" "--network" "none" "rustops/crates-build-env@sha256:d92eaeed33fa75130ca1ee6c8a01d1ffb62bac859dfdfb3450e3e5d1c0146529" "/opt/rustwide/cargo-home/bin/cargo" "+af3c6e733a40e671550e0f0f5aeecaa13772ba56" "check" "--frozen" "--all" "--all-targets" "--message-format=json", kill_on_drop: false }`
[INFO] [stdout] ee929de23b0fd92fca6c3b2d5698a746da3fa254f3d3a6d9f458aa9b0d7f28b2
[INFO] [stderr] WARNING: Your kernel does not support swap limit capabilities or the cgroup is not mounted. Memory limited without swap.
[INFO] running `Command { std: "docker" "start" "-a" "ee929de23b0fd92fca6c3b2d5698a746da3fa254f3d3a6d9f458aa9b0d7f28b2", kill_on_drop: false }`
[INFO] [stderr]     Checking rust-ownership v0.1.0 (/opt/rustwide/workdir)
[INFO] [stdout] error[E0106]: missing lifetime specifier
[INFO] [stdout]    --> src/references_and_borrowing.rs:141:16
[INFO] [stdout]     |
[INFO] [stdout] 141 | fn dangle() -> &String { // error[E0106]: missing lifetime specifier, help: consider giving it a 'static lifetime: `&'static`
[INFO] [stdout]     |                ^ expected named lifetime parameter
[INFO] [stdout]     |
[INFO] [stdout]     = help: this function's return type contains a borrowed value, but there is no value for it to be borrowed from
[INFO] [stdout] help: consider using the `'static` lifetime
[INFO] [stdout]     |
[INFO] [stdout] 141 | fn dangle() -> &'static String { // error[E0106]: missing lifetime specifier, help: consider giving it a 'static lifetime: `&'static`
[INFO] [stdout]     |                ^^^^^^^^
[INFO] [stdout] 
[INFO] [stdout] 
[INFO] [stdout] error: aborting due to previous error
[INFO] [stdout] 
[INFO] [stdout] 
[INFO] [stdout] For more information about this error, try `rustc --explain E0106`.
[INFO] [stdout] 
[INFO] [stderr] error: could not compile `rust-ownership`.
[INFO] [stderr] 
[INFO] [stderr] To learn more, run the command again with --verbose.
[INFO] [stderr] warning: build failed, waiting for other jobs to finish...
[INFO] [stdout] error[E0106]: missing lifetime specifier
[INFO] [stdout]    --> src/references_and_borrowing.rs:141:16
[INFO] [stdout]     |
[INFO] [stdout] 141 | fn dangle() -> &String { // error[E0106]: missing lifetime specifier, help: consider giving it a 'static lifetime: `&'static`
[INFO] [stdout]     |                ^ expected named lifetime parameter
[INFO] [stdout]     |
[INFO] [stdout]     = help: this function's return type contains a borrowed value, but there is no value for it to be borrowed from
[INFO] [stdout] help: consider using the `'static` lifetime
[INFO] [stdout]     |
[INFO] [stdout] 141 | fn dangle() -> &'static String { // error[E0106]: missing lifetime specifier, help: consider giving it a 'static lifetime: `&'static`
[INFO] [stdout]     |                ^^^^^^^^
[INFO] [stdout] 
[INFO] [stdout] 
[INFO] [stdout] error: aborting due to previous error
[INFO] [stdout] 
[INFO] [stdout] 
[INFO] [stdout] For more information about this error, try `rustc --explain E0106`.
[INFO] [stdout] 
[INFO] [stderr] error: build failed
[INFO] running `Command { std: "docker" "inspect" "ee929de23b0fd92fca6c3b2d5698a746da3fa254f3d3a6d9f458aa9b0d7f28b2", kill_on_drop: false }`
[INFO] running `Command { std: "docker" "rm" "-f" "ee929de23b0fd92fca6c3b2d5698a746da3fa254f3d3a6d9f458aa9b0d7f28b2", kill_on_drop: false }`
[INFO] [stdout] ee929de23b0fd92fca6c3b2d5698a746da3fa254f3d3a6d9f458aa9b0d7f28b2
